 4*a + 1. Let t be h(-3). Let o = -1 + t. Let u = -4 - o. Let l(i) = -5*i**2 + 3*i - 2. Calculate l(u).
-16
Suppose -17*d + 13*d = -44. Let b(l) = -l**3 - 6*l**2 + 5*l - 19 + l + d. Suppose -11 = 2*o - x, 3*o - 4*x + 36 = -9*x. What is b(o)?
-1
Let c(j) = 3*j**2 + 5 + 20*j - 2*j**2 - 8*j - 7*j - 9*j. Determine c(4).
5
Let r(v) = v**2 - 27*v + 39. Let l(g) = -g**2 + 28*g - 44. Let u(m) = 2*l(m) + 3*r(m). Calculate u(24).
5
Let i(u) = -2 + 6 - 7*u + 2*u - 3. Give i(1).
-4
Let i(w) = 202 - 205 - 2*w + 5*w. Give i(3).
6
Let l = 41 + -14. Suppose -3*d + l = 5*i, 3*i = 4*i - 3*d - 9. Let r(y) = y**3 - 6*y**2 - 2*y + 8. Calculate r(i).
-4
Suppose 4*z - 2 = 14. Suppose 4 = -z*n - 4*g, -5*n + n = 2*g + 4. Let m(y) = 3*y**2. Calculate m(n).
3
Let f be 5/((-5)/(-4)) + -1. Let z(s) = 0*s**3 - 15 - 7*s**2 - s**f - 8*s + 9. Suppose 7 = -5*p - 23. Determine z(p).
6
Let m be -7 + (-6 - -5)*-2. Let c(w) = -10*w**2 - 22*w. Let p(a) = 7*a**2 + 15*a. Let n(r) = m*c(r) - 7*p(r). Calculate n(-4).
-4
Let p(z) be the first derivative of -z**5/20 + z**4/12 - 9*z**2/2 - z - 1. Let v(r) be the first derivative of p(r). Suppose -16*j = 9*j. Calculate v(j).
-9
Let p be (1650/45)/(-10) - (-4)/6. Let k(r) = 7*r + 1. Determine k(p).
-20
Let x = 27 + -36. Let m be ((-5)/15)/((-3)/x). Let r(v) = -10*v**2 - 1. Give r(m).
-11
Let w(i) = i + 1. Let j be w(0). Let r be -1 - ((-2)/(-1))/j. Let h(o) be the third derivative of -o**4/12 + o**3/6 + 217*o**2. Calculate h(r).
7
Let w(h) = 2*h + 2*h**2 + 2*h + 6 - 9 + 10. Calculate w(-5).
37
Let k(x) = 8*x + 6. Let y(p) = -p - 36. Let t be y(-30). What is k(t)?
-42
Let a = 14 + -1. Let q = -7 + a. Let v(d) = -d + 8. What is v(q)?
2
Let w = 2314 - 2320. Let u(p) = p**2 + 9*p + 10. Let j(h) = 2*h**2 + 19*h + 21. Let n(f) = -2*j(f) + 5*u(f). What is n(w)?
2
Let x(p) = -17*p**2 + 1. Let y be (-3)/12 - (-27)/12*5. Suppose 0 = 2*n - 5*l + 12, -2*l - l + y = -5*n. Give x(n).
-16
Let f(a) = -2*a**2 - 3*a - 1. Let p(g) = g + 2. Let v be p(5). Suppose -v = -i - 10. What is f(i)?
-10
Let q(b) = b**3 - 4*b**2 - b - 1. Let d(s) = -4*s**3 + 14*s**2 + 4*s + 4. Let r(u) = 2*d(u) + 7*q(u). Calculate r(2).
-5
Let y(o) be the second derivative of -o**4/12 + 7*o**3/6 - o**2/2 + 39*o. Let m(f) = f - 2. Let x be m(8). Give y(x).
5
Let w be 83/((-11)/6 + 2/1). Let m(t) = 2*t + w - 506 - 3*t. Give m(-7).
-1
Let v(o) = -o**2 + 5*o - 2. Suppose -8*y + 9*y = -101. Let p = y - -105. Calculate v(p).
2
Let z = 13 + -6. Let r(s) = 0*s**2 - 7 - 6*s**2 - 8*s + 7*s**2. Determine r(z).
-14
Suppose 0 = -5*f - 3*o + 248, -3*f + 3*o - 15 = -183. Let t(k) = k - 52 + f. Let n be (0 + 0)*(3 - 4). Determine t(n).
0
Let g be (3 - (-2 - -3))*-1. Let d(c) = -3*c - 1. Determine d(g).
5
Let g(o) be the first derivative of -4*o + 4*o + 2 - 8*o**2 - 17. Let i = 3 - 2. Determine g(i).
-16
Let z(j) = -j + 8 + 12 - 38*j**2 + 2*j + 39*j**2 + 6*j. Give z(-8).
28
Let h(u) = u**3 - 4*u**2 - 4*u + 1. Let c(v) = v + 6. Let z be c(3). Let f = 14 - z. Suppose -f = -i - 0. Calculate h(i).
6
Let z(q) = q**3 + 4*q**2 + 3*q - 4. Let t = 20 - 19. Let x be (0 + (-2 - 1))*t. What is z(x)?
-4
Let l(d) = d + 3. Suppose 3*m - 8 = 2*t - m, -3*t - 9 = -5*m. Let r = t + -2. What is l(r)?
3
Let g(b) = b**2 - 5*b - 2. Suppose -3*f + 14 = -5*f. Let h(u) = -2*u + 2. Let p be h(f). Suppose 4*s + 0 = p. Calculate g(s).
-6
Let z(s) be the third derivative of s**4/8 - s**3 + 2*s**2. Let l(y) be the third derivative of -y**6/40 - y**4/24 + 9*y**2. Let v be l(-1). What is z(v)?
6
Let q(c) be the first derivative of -c**4/4 - 5*c**3/3 + 5*c + 160. Give q(-4).
-11
Let k be (-16)/88 + (-150)/22. Let r(m) be the first derivative of m**3/3 + 9*m**2/2 + 9*m + 1. Determine r(k).
-5
Let p(k) = -3*k. Let f be (-11)/33 + (-106)/6. Let u be (-27)/f - (-1)/2. Suppose -d - u = d. Calculate p(d).
3
Let y(f) be the third derivative of f**6/120 - 2*f**5/15 + f**4/8 - 2*f**3 + 5*f**2 - 11. Give y(8).
12
Let z(o) = o**3 - 6*o**2 - 6*o - 6. Suppose 0*f - 30 = 5*f. Let t be (-134)/f - 4/(-6). Let i = -16 + t. Determine z(i).
1
Let c(g) = 9*g**2 + 13*g - 8. Let v(t) = 4*t**2 + t + 1. Let p(k) = 2*k**2 + k. Let f(j) = 10*p(j) - 4*v(j). Let r(i) = -3*c(i) + 7*f(i). What is r(-5)?
6
Let g be (1/(-2))/((-1)/2). Let k = -9 + 12. Let x(r) = 1 - k + 2 - g - 5*r. Determine x(-2).
9
Let i be (-7 - -8)*(-10)/2 - -7. Let g(t) be the third derivative of 0 + 0*t + 1/2*t**3 - 4*t**i - 1/24*t**4. Determine g(0).
3
Let u(q) = q**3 - q**2 - 9*q - 5. Let i be u(4). Let c(n) = -2*n**2 + 12*n - 5. Let j(l) = l**2 - 6*l + 3. Let r(m) = -6*c(m) - 11*j(m). Determine r(i).
4
Suppose -4*f + 85 = 69. Let n(k) = k**2 - k - 8. What is n(f)?
4
Suppose 5*a + w + 4*w - 35 = 0, 2*a - 4*w = 2. Suppose 4 = a*s + 9. Let d(o) = 4 + 4*o + 2*o - 5 - 3*o. Give d(s).
-4
Let d(s) be the third derivative of -s**5/5 - 2*s**2. Let k be (-22)/(-55)*((-20)/(-2) + 0). Let f be 0 + k/(0 - 4). Determine d(f).
-12
Let k(g) = g**2 - 9*g + 3. Let n be k(9). Let w(v) = -n*v**3 - 6*v + v**3 - 3*v**2 - 4 + 7*v. Calculate w(-3).
20
Let f(b) = -8*b - 10. Let p(r) = 13*r + 19. Let s(k) = 5*f(k) + 3*p(k). Calculate s(6).
1
Suppose -2*k + 3*x = -4*k + 16, 3*k = -2*x + 14. Let u(d) = -d**3 + 6*d**2 + 5*d + d**2 - 6*d - d**k. Determine u(6).
-6
Let z(l) = 4*l + 11. Suppose 16 = -53*v + 49*v + r, -2*v - 26 = 4*r. Determine z(v).
-9
Let u(o) be the third derivative of 1/2*o**3 + 1/8*o**4 + 0*o + 0 - 3*o**2. Give u(-2).
-3
Let n be (-8)/14*21/(-2). Let o(l) be the first derivative of -l**2/2 + 13*l + 2. Let i(z) = z - 13. Let d(f) = 7*i(f) + 6*o(f). Give d(n).
-7
Suppose 3*f - 3 = 4*a, -3*a - a = -f - 7. Let m(q) = q**2 + q - 1. Let d(l) = -4*l**2 + l + 8. Let v(h) = -d(h) - 3*m(h). What is v(f)?
0
Let w(q) be the second derivative of -q - 1/2*q**4 + 0 + 0*q**2 - 1/20*q**5 - q**3. Suppose -4*r = -y + 2*y - 4, -5*y = 4*r + 12. What is w(y)?
-8
Suppose -5*g = -f - 0*g, 4*f + g = 0. Let z(l) = l**2 + 2. Let h be z(f). Let t(v) = -2*v**2 + 4*v**2 + 5*v + h + 0. Give t(-3).
5
Let o(i) = -i**3 - 5*i**2 + 6*i + 9. Suppose 0 = 2*c - 0 + 2. Let t = c - -9. Suppose t*y - 3*y = -3*v - 38, 42 = -5*v - 3*y. Calculate o(v).
9
Let d(i) = i**2 - 17*i - 13. Let u be d(18). Suppose 2*m - 4 = 0, 5*c - 18 = m - u*m. Let k(o) = -3*o**2 + o + 2. Determine k(c).
-8
Let n(y) = 5*y**3 + 15*y**2 + 29. Let b(s) = s**3 + 4*s**2 + 7. Let z(j) = -9*b(j) + 2*n(j). Let x be ((-56)/6)/(6/18). Let a = 34 + x. Calculate z(a).
-5
Let v(g) = -g**2 + 5*g + 1. Let f(r) = 4*r**2 - 17*r - 3. Let n(q) = -2*f(q) - 9*v(q). What is n(10)?
-13
Let r(l) = l**2 - 9*l + 6. Let g(n) = -n**2 - 13*n - 28. Let s be g(-8). Suppose -4*k + 4*w = -s, 4 + 5 = -k + 5*w. What is r(k)?
-12
Suppose -11*s = -3*s + 8. Let r(t) = 9*t + 6. Let g(m) = -m - 1. Let d(c) = s*r(c) - 5*g(c). What is d(-3)?
11
Let n(g) be the third derivative of g**5/60 + 7*g**4/24 - 5*g**3/3 - 131*g**2. What is n(-7)?
-10
Let n(v) = 3*v**2 - 5*v - 42. Let x(t) = 5*t**2 - 8*t - 63. Let y(u) = -8*n(u) + 5*x(u). Suppose 27*a = -12*a. Calculate y(a).
21
Let g be ((-40)/120 - (-7)/3)/(-1). Let o(n) = 2*n**3 + 3*n**2 - 2. Determine o(g).
-6
Let t(i) = -3*i. Let w(z) = 8*z**2 - 1. Let n be (-6)/9 - (-5)/3. Let d be w(n). Suppose -5*h + d + 3 = 0. Give t(h).
-6
Let x(r) = -2*r**2 + 15*r + 14. Suppose -2*u - 15 + 0 = 3*b, -5*b = -5*u + 50. Let l(w) = w**2 - 7*w - 7. Let k(s) = b*l(s) - 3*x(s). Give k(5).
2
Let n(s) = 1 + 2 + 2*s - 3*s - s**3 + 3 + 9*s**2. Let d be 6 - (4 + -5)*3. Determine n(d).
-3
Let c(g) = -1. Let d(o) = 2*o - 3. Let w(x) = -4*c(x) - d(x). Let v be (-36)/(-8)*(-4)/(-2). Let r = -3 + v. Give w(r).
-5
Let f(d) be the third derivative of d**9/60480 + d**8/5040 - d**7/1008 - d**6/180 + d**5/4 + 17*d**2. Let b(l) be the third derivative of f(l). What is b(-5)?
-4
Let l(z) = 2*z**2 - z - 2. Let f(w) = w + 26. Let u be f(-12). Let r = 16 - u. Give l(r).
4
Let j(w) be the third derivative of w**5/60 - w**4/24 + w**3/6 + w**2. Let o be (-18)/(-21) - (-108)/(-28). What is j(o)?
13
Let i(y) = -17*y - 31. Let h(p) = 144*p + 264. Let v(j) = -5*h(j) - 42*i(j). Let f(c) = 5*c + 17. Let o(q) = -4*f(q) - 3*v(q). What is o(-11)?
8
Suppose -2*p + 3*c - 6 = 0, 4*p + c = 2 - 0. Suppose -v - 5*x = 21, -4*v + 2*x + 12 + 14 = p. Let i(d) = -v - 4 + 1 + d + d. What is i(6)?
5
Let h(u) = -62*u. Let r(